{"id":135,"date":"2020-11-25T08:04:00","date_gmt":"2020-11-25T08:04:00","guid":{"rendered":"http:\/\/agendaurbanacastello.enreda.coop\/?page_id=135"},"modified":"2020-11-25T08:04:02","modified_gmt":"2020-11-25T08:04:02","slug":"uso-de-cookies","status":"publish","type":"page","link":"https:\/\/agendaurbanacastello.es\/va\/uso-de-cookies\/","title":{"rendered":"\u00das de cookies"},"content":{"rendered":"<h4>Qu\u00e8 \u00e9s una cookie?<\/h4>\n\n\n\n<p>Una cookie \u00e9s un arxiu creat per un lloc d&#8217;Internet per a emmagatzemar informaci\u00f3 en l&#8217;equip, com per exemple, les seues prefer\u00e8ncies quan visita aqueix lloc. Quan visita un lloc que usa cookies, el lloc pot demanar-li al seu navegador que guarde una o m\u00e9s cookies en el disc dur.<\/p>\n\n\n\n<p>Les cookies faciliten tasques com les seg\u00fcents:<\/p>\n\n\n\n<ul><li>Recordar informaci\u00f3 indicada per l&#8217;usuari, de manera que no haja de tornar a introduir-la.<\/li><li>Mesurar l&#8217;\u00fas del lloc, de manera que el prove\u00efdor de la informaci\u00f3 puga ajustar la informaci\u00f3 a les necessitats dels usuaris.<\/li><\/ul>\n\n\n\n<p>La web de l&#8217;Ajuntament de Castell\u00f3 no usa cookies que permeten identificar-li personalment. Nom\u00e9s usa cookies per a millorar el funcionament del lloc web.<\/p>\n\n\n\n<p>En tot cas, recorde que pot deshabilitar l&#8217;enregistrament de cookies en el seu equip modificant les opcions de configuraci\u00f3 del seu navegador.<\/p>\n\n\n\n<h4>Com usa la web de l&#8217;Ajuntament de Castell\u00f3 les cookies?<\/h4>\n\n\n\n<p>La web de l&#8217;Ajuntament de Castell\u00f3 fa \u00fas de cookies per a les seg\u00fcents tasques:<\/p>\n\n\n\n<ul><li>Recordar l&#8217;idioma de prefer\u00e8ncia i dades entre formularis.<\/li><li>Mesurament d&#8217;\u00fas del lloc web (Google Analytics).<\/li><li>Cookies associades als serveis de v\u00eddeo (cookies de YouTube).<\/li><\/ul>\n\n\n\n<p>A continuaci\u00f3 indiquem el per qu\u00e8 de cada \u00fas, i la durada per defecte de cada cookie.<\/p>\n\n\n\n<h4>Recordar l&#8217;idioma de prefer\u00e8ncia i dades entre formularis<\/h4>\n\n\n\n<p>La web de l&#8217;Ajuntament de Castell\u00f3 genera una cookie para:<\/p>\n\n\n\n<ul><li>Recordar el seu idioma de prefer\u00e8ncia (castell\u00e0 o valenci\u00e0).<\/li><li>Recordar dades entre els diferents formulari d&#8217;un mateix assistent de tramitaci\u00f3.<\/li><\/ul>\n\n\n\n<p>En generar una cookie per a recordar el seu idioma de prefer\u00e8ncia, s&#8217;evita que haja d&#8217;especificar-ho per a cada nova secci\u00f3 que visite.<\/p>\n\n\n\n<p>El generar una cookie per a recordar dades entre els diferents formulari, permet dividir les sol\u00b7licituds en passos diferenciats de manera que li siga m\u00e9s senzill e intu\u00eftiu realitzar sol\u00b7licituds.<\/p>\n\n\n\n<p>D&#8217;aquesta manera, quan vost\u00e8 realitza una sol\u00b7licitud que es compon de diversos passos (per exemple en sol\u00b7licitar cita pr\u00e8via o en generar una autoliquidacion de plusv\u00e0lues), es pot disposar en cada pas de les dades introdu\u00efdes pr\u00e8viament.<\/p>\n\n\n\n<p>Aquestes cookies no emmagatzemen les seues dades personals. El contingut d&#8217;aquestes cookies \u00e9s un nombre que identifica de forma un\u00edvoca la seua sessi\u00f3 de navegaci\u00f3 i aqueix nombre no est\u00e0 vinculat a vost\u00e8.<\/p>\n\n\n\n<p>Segons la normativa vigent, aquestes cookies de sessi\u00f3 no requereixen el consentiment expr\u00e9s dels usuaris.<\/p>\n\n\n\n<p>Les dades sobre aquestes cookie s\u00f3n els seg\u00fcents:<\/p>\n\n\n\n<figure class=\"wp-block-table\"><table><thead><tr><td>Tipus<\/td><td>Nom<\/td><td>Prop\u00f2sit<\/td><td>Expira<\/td><\/tr><\/thead><tbody><tr><td>Propi<\/td><td>PHPSESSID<\/td><td>Recordar idioma de prefer\u00e8ncia i dades entre formularis.<\/td><td>En finalitzar la sessi\u00f3<\/td><\/tr><\/tbody><\/table><\/figure>\n\n\n\n<h4>Mesurament d&#8217;\u00fas de l&#8217;assetge web (Google Analytics)<\/h4>\n\n\n\n<p>La web de l&#8217;Ajuntament de Castell\u00f3 utilitza Google Analytics per a arreplegar estad\u00edstiques sobre l&#8217;\u00fas del lloc web. Fem a\u00e7\u00f2 per a assegurar-vos de satisfer les necessitats dels usuaris i per a entendre com podr\u00edem fer-ho millor.<\/p>\n\n\n\n<p>Google Analytics emmagatzema informaci\u00f3 sobre les p\u00e0gines que visita, el temps que est\u00e0 en el lloc, com ha arribat fins a ac\u00ed i que seccions visita.<\/p>\n\n\n\n<p>No recopilem ni guardem la seua informaci\u00f3 personal (per exemple, el seu nom o adre\u00e7a) pel que aquesta informaci\u00f3 no pot ser utilitzada per a identificar-li.<\/p>\n\n\n\n<p>Si Vost\u00e9 no desitja que les dades sobre la seua sessi\u00f3 siguen recopilats per aquest lloc web, modifique les opcions de seguretat i privadesa del seu navegador.<\/p>\n\n\n\n<p>Les seg\u00fcents cookies s\u00f3n generades a trav\u00e9s de Google Analytics:<\/p>\n\n\n\n<figure class=\"wp-block-table\"><table><thead><tr><td>Tipus<\/td><td>Nom<\/td><td>Prop\u00f2sit<\/td><td>Expira<\/td><\/tr><\/thead><tbody><tr><td>Google Analytics<\/td><td>__utma<\/td><td>Cont\u00e9 un nombre generat aleat\u00f2riament que s&#8217;utilitza per a determinar visitants \u00fanics al nostre lloc<\/td><td>2 anys<\/td><\/tr><tr><td>Google Analytics<\/td><td>__utmb<\/td><td>Cont\u00e9 un nombre generat aleat\u00f2riament que s&#8217;utilitza per a calcular la mitjana de temps que els usuaris passen en el nostre lloc<\/td><td>30 minuts<\/td><\/tr><tr><td>Google Analytics<\/td><td>__utmc<\/td><td>Cont\u00e9 un nombre generat aleat\u00f2riament que s&#8217;utilitza per a calcular quan es tanca el navegador<\/td><td>En finalitzar la sessi\u00f3<\/td><\/tr><tr><td>Google Analytics<\/td><td>__utmz<\/td><td>Cont\u00e9 un nombre generat aleatoriamenter i informaci\u00f3 sobre com es va arribar a un lloc (per exemple, directament a trav\u00e9s d&#8217;un enlla\u00e7, recerca org\u00e0nica o de pagament).<\/td><td>6 mesos<\/td><\/tr><\/tbody><\/table><\/figure>\n\n\n\n<h4>Cookies associades als serveis de v\u00eddeo (cookies de Youtube)<\/h4>\n\n\n\n<p>En algunes parts de la web de l&#8217;Ajuntament de Castell\u00f3, s&#8217;utilitza YouTube per a oferir v\u00eddeos \u00fatils (v\u00eddeos del Ple, campanyes de comer\u00e7 i consum, seguretat p\u00fablica, etc.).<\/p>\n\n\n\n<p>Youtube emmagatzema informaci\u00f3 per a poder generar estad\u00edstiques sobre les visites de videos incrustats en altres p\u00e0gines.<\/p>\n\n\n\n<p>No recopilem ni guardem la seua informaci\u00f3 personal (per exemple, el seu nom o adre\u00e7a) pel que aquesta informaci\u00f3 no pot ser utilitzada per a identificar-li.<\/p>\n\n\n\n<p>Si Vost\u00e9 no desitja que les dades sobre la seua sessi\u00f3 siguen recopilats per aquest lloc web, modifique les opcions de seguretat i privadesa del seu navegador.<\/p>\n\n\n\n<p>Les seg\u00fcents cookies s\u00f3n generades a trav\u00e9s de Youtube:<\/p>\n\n\n\n<figure class=\"wp-block-table\"><table><thead><tr><td>Tipus<\/td><td>Nom<\/td><td>Prop\u00f2sit<\/td><td>Expira<\/td><\/tr><\/thead><tbody><tr><td>Youtube<\/td><td>YSC<\/td><td>Cont\u00e9 un identificador \u00fanic per a permetre el control de visites a videos de Youtube.<\/td><td>En finalitzar la sessi\u00f3<\/td><\/tr><tr><td>Youtube<\/td><td>VISITOR_INFO1_LIVE<\/td><td>Cont\u00e9 un identificador \u00fanic per a permetre el control de visites a videos de Youtube.<\/td><td>9 mesos<\/td><\/tr><tr><td>Youtube<\/td><td>PREF<\/td><td>Cont\u00e9 dades sobre prefer\u00e8ncies de visualitzaci\u00f3.<\/td><td>2 anys<\/td><\/tr><\/tbody><\/table><\/figure>","protected":false},"excerpt":{"rendered":"<p>Qu\u00e8 \u00e9s una cookie? Una cookie \u00e9s un arxiu creat per un lloc d&#8217;Internet per a emmagatzemar informaci\u00f3 en l&#8217;equip, com per exemple, les seues prefer\u00e8ncies quan visita aqueix lloc&#8230;.<\/p>","protected":false},"author":1,"featured_media":0,"parent":0,"menu_order":0,"comment_status":"closed","ping_status":"closed","template":"","meta":{"_monsterinsights_skip_tracking":false,"_monsterinsights_sitenote_active":false,"_monsterinsights_sitenote_note":"","_monsterinsights_sitenote_category":0},"acf":[],"_links":{"self":[{"href":"https:\/\/agendaurbanacastello.es\/va\/wp-json\/wp\/v2\/pages\/135"}],"collection":[{"href":"https:\/\/agendaurbanacastello.es\/va\/wp-json\/wp\/v2\/pages"}],"about":[{"href":"https:\/\/agendaurbanacastello.es\/va\/wp-json\/wp\/v2\/types\/page"}],"author":[{"embeddable":true,"href":"https:\/\/agendaurbanacastello.es\/va\/wp-json\/wp\/v2\/users\/1"}],"replies":[{"embeddable":true,"href":"https:\/\/agendaurbanacastello.es\/va\/wp-json\/wp\/v2\/comments?post=135"}],"version-history":[{"count":1,"href":"https:\/\/agendaurbanacastello.es\/va\/wp-json\/wp\/v2\/pages\/135\/revisions"}],"predecessor-version":[{"id":136,"href":"https:\/\/agendaurbanacastello.es\/va\/wp-json\/wp\/v2\/pages\/135\/revisions\/136"}],"wp:attachment":[{"href":"https:\/\/agendaurbanacastello.es\/va\/wp-json\/wp\/v2\/media?parent=135"}],"curies":[{"name":"wp","href":"https:\/\/api.w.org\/{rel}","templated":true}]}}

Ús de cookies

<h4>Què és una cookie?</h4>



<p>Una cookie és un arxiu creat per un lloc d&#8217;Internet per a emmagatzemar informació en l&#8217;equip, com per exemple, les seues preferències quan visita aqueix lloc. Quan visita un lloc que usa cookies, el lloc pot demanar-li al seu navegador que guarde una o més cookies en el disc dur.</p>



<p>Les cookies faciliten tasques com les següents:</p>



<ul><li>Recordar informació indicada per l&#8217;usuari, de manera que no haja de tornar a introduir-la.</li><li>Mesurar l&#8217;ús del lloc, de manera que el proveïdor de la informació puga ajustar la informació a les necessitats dels usuaris.</li></ul>



<p>La web de l&#8217;Ajuntament de Castelló no usa cookies que permeten identificar-li personalment. Només usa cookies per a millorar el funcionament del lloc web.</p>



<p>En tot cas, recorde que pot deshabilitar l&#8217;enregistrament de cookies en el seu equip modificant les opcions de configuració del seu navegador.</p>



<h4>Com usa la web de l&#8217;Ajuntament de Castelló les cookies?</h4>



<p>La web de l&#8217;Ajuntament de Castelló fa ús de cookies per a les següents tasques:</p>



<ul><li>Recordar l&#8217;idioma de preferència i dades entre formularis.</li><li>Mesurament d&#8217;ús del lloc web (Google Analytics).</li><li>Cookies associades als serveis de vídeo (cookies de YouTube).</li></ul>



<p>A continuació indiquem el per què de cada ús, i la durada per defecte de cada cookie.</p>



<h4>Recordar l&#8217;idioma de preferència i dades entre formularis</h4>



<p>La web de l&#8217;Ajuntament de Castelló genera una cookie para:</p>



<ul><li>Recordar el seu idioma de preferència (castellà o valencià).</li><li>Recordar dades entre els diferents formulari d&#8217;un mateix assistent de tramitació.</li></ul>



<p>En generar una cookie per a recordar el seu idioma de preferència, s&#8217;evita que haja d&#8217;especificar-ho per a cada nova secció que visite.</p>



<p>El generar una cookie per a recordar dades entre els diferents formulari, permet dividir les sol·licituds en passos diferenciats de manera que li siga més senzill e intuïtiu realitzar sol·licituds.</p>



<p>D&#8217;aquesta manera, quan vostè realitza una sol·licitud que es compon de diversos passos (per exemple en sol·licitar cita prèvia o en generar una autoliquidacion de plusvàlues), es pot disposar en cada pas de les dades introduïdes prèviament.</p>



<p>Aquestes cookies no emmagatzemen les seues dades personals. El contingut d&#8217;aquestes cookies és un nombre que identifica de forma unívoca la seua sessió de navegació i aqueix nombre no està vinculat a vostè.</p>



<p>Segons la normativa vigent, aquestes cookies de sessió no requereixen el consentiment exprés dels usuaris.</p>



<p>Les dades sobre aquestes cookie són els següents:</p>



<figure class="wp-block-table"><table><thead><tr><td>Tipus</td><td>Nom</td><td>Propòsit</td><td>Expira</td></tr></thead><tbody><tr><td>Propi</td><td>PHPSESSID</td><td>Recordar idioma de preferència i dades entre formularis.</td><td>En finalitzar la sessió</td></tr></tbody></table></figure>



<h4>Mesurament d&#8217;ús de l&#8217;assetge web (Google Analytics)</h4>



<p>La web de l&#8217;Ajuntament de Castelló utilitza Google Analytics per a arreplegar estadístiques sobre l&#8217;ús del lloc web. Fem açò per a assegurar-vos de satisfer les necessitats dels usuaris i per a entendre com podríem fer-ho millor.</p>



<p>Google Analytics emmagatzema informació sobre les pàgines que visita, el temps que està en el lloc, com ha arribat fins a ací i que seccions visita.</p>



<p>No recopilem ni guardem la seua informació personal (per exemple, el seu nom o adreça) pel que aquesta informació no pot ser utilitzada per a identificar-li.</p>



<p>Si Vosté no desitja que les dades sobre la seua sessió siguen recopilats per aquest lloc web, modifique les opcions de seguretat i privadesa del seu navegador.</p>



<p>Les següents cookies són generades a través de Google Analytics:</p>



<figure class="wp-block-table"><table><thead><tr><td>Tipus</td><td>Nom</td><td>Propòsit</td><td>Expira</td></tr></thead><tbody><tr><td>Google Analytics</td><td>__utma</td><td>Conté un nombre generat aleatòriament que s&#8217;utilitza per a determinar visitants únics al nostre lloc</td><td>2 anys</td></tr><tr><td>Google Analytics</td><td>__utmb</td><td>Conté un nombre generat aleatòriament que s&#8217;utilitza per a calcular la mitjana de temps que els usuaris passen en el nostre lloc</td><td>30 minuts</td></tr><tr><td>Google Analytics</td><td>__utmc</td><td>Conté un nombre generat aleatòriament que s&#8217;utilitza per a calcular quan es tanca el navegador</td><td>En finalitzar la sessió</td></tr><tr><td>Google Analytics</td><td>__utmz</td><td>Conté un nombre generat aleatoriamenter i informació sobre com es va arribar a un lloc (per exemple, directament a través d&#8217;un enllaç, recerca orgànica o de pagament).</td><td>6 mesos</td></tr></tbody></table></figure>



<h4>Cookies associades als serveis de vídeo (cookies de Youtube)</h4>



<p>En algunes parts de la web de l&#8217;Ajuntament de Castelló, s&#8217;utilitza YouTube per a oferir vídeos útils (vídeos del Ple, campanyes de comerç i consum, seguretat pública, etc.).</p>



<p>Youtube emmagatzema informació per a poder generar estadístiques sobre les visites de videos incrustats en altres pàgines.</p>



<p>No recopilem ni guardem la seua informació personal (per exemple, el seu nom o adreça) pel que aquesta informació no pot ser utilitzada per a identificar-li.</p>



<p>Si Vosté no desitja que les dades sobre la seua sessió siguen recopilats per aquest lloc web, modifique les opcions de seguretat i privadesa del seu navegador.</p>



<p>Les següents cookies són generades a través de Youtube:</p>



<figure class="wp-block-table"><table><thead><tr><td>Tipus</td><td>Nom</td><td>Propòsit</td><td>Expira</td></tr></thead><tbody><tr><td>Youtube</td><td>YSC</td><td>Conté un identificador únic per a permetre el control de visites a videos de Youtube.</td><td>En finalitzar la sessió</td></tr><tr><td>Youtube</td><td>VISITOR_INFO1_LIVE</td><td>Conté un identificador únic per a permetre el control de visites a videos de Youtube.</td><td>9 mesos</td></tr><tr><td>Youtube</td><td>PREF</td><td>Conté dades sobre preferències de visualització.</td><td>2 anys</td></tr></tbody></table></figure>

<p>Què és una cookie? Una cookie és un arxiu creat per un lloc d&#8217;Internet per a emmagatzemar informació en l&#8217;equip, com per exemple, les seues preferències quan visita aqueix lloc&#8230;.</p>
