{"id":2403,"date":"2025-02-13T13:48:45","date_gmt":"2025-02-13T13:48:45","guid":{"rendered":"https:\/\/agendaurbanacastello.es\/?page_id=2403"},"modified":"2025-02-14T10:08:56","modified_gmt":"2025-02-14T10:08:56","slug":"innovacion-urbana","status":"publish","type":"page","link":"https:\/\/agendaurbanacastello.es\/va\/innovacion-urbana\/","title":{"rendered":"Innovaci\u00f3n Urbana"},"content":{"rendered":"<div class=\"vc_row wpb_row vc_row-fluid\"><div class=\"wpb_column vc_column_container vc_col-sm-12\"><div class=\"vc_column-inner\"><div class=\"wpb_wrapper\">\n\t<div class=\"wpb_text_column wpb_content_element  wpb_animate_when_almost_visible wpb_fadeIn fadeIn vc_custom_1737543378456\" >\n\t\t<div class=\"wpb_wrapper\">\n\t\t\t<h2><span style=\"color: #ffffff;\">Soluciones Basadas en la Naturaleza: programa de formaci\u00f3n y capacitaci\u00f3n interna<\/span><\/h2>\n\n\t\t<\/div>\n\t<\/div>\n<\/div><\/div><\/div><\/div><div class=\"vc_row wpb_row vc_row-fluid\"><div class=\"wpb_column vc_column_container vc_col-sm-12\"><div class=\"vc_column-inner\"><div class=\"wpb_wrapper\">\n\t<div class=\"wpb_text_column wpb_content_element  wpb_animate_when_almost_visible wpb_fadeIn fadeIn vc_custom_1737543416379\" >\n\t\t<div class=\"wpb_wrapper\">\n\t\t\t<h2><span style=\"color: #ffffff;\">Salud urbana y adaptaci\u00f3n al cambio clim\u00e1tico: estudio de oportunidades y propuestas<\/span><\/h2>\n\n\t\t<\/div>\n\t<\/div>\n<\/div><\/div><\/div><\/div><div class=\"vc_row wpb_row vc_row-fluid\"><div class=\"wpb_column vc_column_container vc_col-sm-12\"><div class=\"vc_column-inner\"><div class=\"wpb_wrapper\">\n\t<div class=\"wpb_text_column wpb_content_element  wpb_animate_when_almost_visible wpb_fadeIn fadeIn vc_custom_1737543509135\" >\n\t\t<div class=\"wpb_wrapper\">\n\t\t\t<h2><span style=\"color: #ffffff;\">Perspectiva de g\u00e9nero en el desarrollo urbano: la experiencia de la metodolog\u00eda EDUSI<\/span><\/h2>\n\n\t\t<\/div>\n\t<\/div>\n<\/div><\/div><\/div><\/div><div class=\"vc_row wpb_row vc_row-fluid\"><div class=\"wpb_column vc_column_container vc_col-sm-12\"><div class=\"vc_column-inner\"><div class=\"wpb_wrapper\">\n\t<div class=\"wpb_text_column wpb_content_element  wpb_animate_when_almost_visible wpb_fadeIn fadeIn vc_custom_1737543553052\" >\n\t\t<div class=\"wpb_wrapper\">\n\t\t\t<h2><span style=\"color: #ffffff;\">Soluciones digitales para la gesti\u00f3n de fondos: NextAuditool<\/span><\/h2>\n\n\t\t<\/div>\n\t<\/div>\n<\/div><\/div><\/div><\/div><div class=\"vc_row wpb_row vc_row-fluid\"><div class=\"wpb_column vc_column_container vc_col-sm-12\"><div class=\"vc_column-inner\"><div class=\"wpb_wrapper\">\n\t<div class=\"wpb_text_column wpb_content_element  wpb_animate_when_almost_visible wpb_fadeIn fadeIn vc_custom_1737543618068\" >\n\t\t<div class=\"wpb_wrapper\">\n\t\t\t<h2><span style=\"color: #ffffff;\">Gobernanza 360\u00ba: la implicaci\u00f3n del tejido empresarial y acad\u00e9mico<\/span><\/h2>\n\n\t\t<\/div>\n\t<\/div>\n<\/div><\/div><\/div><\/div>","protected":false},"excerpt":{"rendered":"Soluciones Basadas en la Naturaleza: programa de formaci\u00f3n y capacitaci\u00f3n interna Salud urbana y adaptaci\u00f3n al cambio clim\u00e1tico: estudio de oportunidades y propuestas Perspectiva de g\u00e9nero en el desarrollo urbano: [...]","protected":false},"author":4,"featured_media":0,"parent":0,"menu_order":0,"comment_status":"closed","ping_status":"closed","template":"","meta":{"_monsterinsights_skip_tracking":false,"_monsterinsights_sitenote_active":false,"_monsterinsights_sitenote_note":"","_monsterinsights_sitenote_category":0},"acf":[],"_links":{"self":[{"href":"https:\/\/agendaurbanacastello.es\/va\/wp-json\/wp\/v2\/pages\/2403"}],"collection":[{"href":"https:\/\/agendaurbanacastello.es\/va\/wp-json\/wp\/v2\/pages"}],"about":[{"href":"https:\/\/agendaurbanacastello.es\/va\/wp-json\/wp\/v2\/types\/page"}],"author":[{"embeddable":true,"href":"https:\/\/agendaurbanacastello.es\/va\/wp-json\/wp\/v2\/users\/4"}],"replies":[{"embeddable":true,"href":"https:\/\/agendaurbanacastello.es\/va\/wp-json\/wp\/v2\/comments?post=2403"}],"version-history":[{"count":5,"href":"https:\/\/agendaurbanacastello.es\/va\/wp-json\/wp\/v2\/pages\/2403\/revisions"}],"predecessor-version":[{"id":2486,"href":"https:\/\/agendaurbanacastello.es\/va\/wp-json\/wp\/v2\/pages\/2403\/revisions\/2486"}],"wp:attachment":[{"href":"https:\/\/agendaurbanacastello.es\/va\/wp-json\/wp\/v2\/media?parent=2403"}],"curies":[{"name":"wp","href":"https:\/\/api.w.org\/{rel}","templated":true}]}}

Innovación Urbana

<div class="vc_row wpb_row vc_row-fluid"><div class="wpb_column vc_column_container vc_col-sm-12"><div class="vc_column-inner"><div class="wpb_wrapper">
	<div class="wpb_text_column wpb_content_element  wpb_animate_when_almost_visible wpb_fadeIn fadeIn vc_custom_1737543378456" >
		<div class="wpb_wrapper">
			<h2><span style="color: #ffffff;">Soluciones Basadas en la Naturaleza: programa de formación y capacitación interna</span></h2>

		</div>
	</div>
</div></div></div></div><div class="vc_row wpb_row vc_row-fluid"><div class="wpb_column vc_column_container vc_col-sm-12"><div class="vc_column-inner"><div class="wpb_wrapper">
	<div class="wpb_text_column wpb_content_element  wpb_animate_when_almost_visible wpb_fadeIn fadeIn vc_custom_1737543416379" >
		<div class="wpb_wrapper">
			<h2><span style="color: #ffffff;">Salud urbana y adaptación al cambio climático: estudio de oportunidades y propuestas</span></h2>

		</div>
	</div>
</div></div></div></div><div class="vc_row wpb_row vc_row-fluid"><div class="wpb_column vc_column_container vc_col-sm-12"><div class="vc_column-inner"><div class="wpb_wrapper">
	<div class="wpb_text_column wpb_content_element  wpb_animate_when_almost_visible wpb_fadeIn fadeIn vc_custom_1737543509135" >
		<div class="wpb_wrapper">
			<h2><span style="color: #ffffff;">Perspectiva de género en el desarrollo urbano: la experiencia de la metodología EDUSI</span></h2>

		</div>
	</div>
</div></div></div></div><div class="vc_row wpb_row vc_row-fluid"><div class="wpb_column vc_column_container vc_col-sm-12"><div class="vc_column-inner"><div class="wpb_wrapper">
	<div class="wpb_text_column wpb_content_element  wpb_animate_when_almost_visible wpb_fadeIn fadeIn vc_custom_1737543553052" >
		<div class="wpb_wrapper">
			<h2><span style="color: #ffffff;">Soluciones digitales para la gestión de fondos: NextAuditool</span></h2>

		</div>
	</div>
</div></div></div></div><div class="vc_row wpb_row vc_row-fluid"><div class="wpb_column vc_column_container vc_col-sm-12"><div class="vc_column-inner"><div class="wpb_wrapper">
	<div class="wpb_text_column wpb_content_element  wpb_animate_when_almost_visible wpb_fadeIn fadeIn vc_custom_1737543618068" >
		<div class="wpb_wrapper">
			<h2><span style="color: #ffffff;">Gobernanza 360º: la implicación del tejido empresarial y académico</span></h2>

		</div>
	</div>
</div></div></div></div>

Soluciones Basadas en la Naturaleza: programa de formación y capacitación interna Salud urbana y adaptación al cambio climático: estudio de oportunidades y propuestas Perspectiva de género en el desarrollo urbano: [...]
