{"id":2489,"date":"2025-02-13T14:10:08","date_gmt":"2025-02-13T14:10:08","guid":{"rendered":"https:\/\/agendaurbanacastello.es\/?page_id=2489"},"modified":"2025-03-06T09:01:49","modified_gmt":"2025-03-06T09:01:49","slug":"salud-urbana-y-adaptacion-al-cambio-climatico","status":"publish","type":"page","link":"https:\/\/agendaurbanacastello.es\/va\/innovacion-urbana\/salud-urbana-y-adaptacion-al-cambio-climatico\/","title":{"rendered":"Salud Urbana y Adaptaci\u00f3n al Cambio Clim\u00e1tico"},"content":{"rendered":"<div class=\"vc_row wpb_row vc_row-fluid\"><div class=\"wpb_column vc_column_container vc_col-sm-12\"><div class=\"vc_column-inner\"><div class=\"wpb_wrapper\">\n\t<div class=\"wpb_text_column wpb_content_element\" >\n\t\t<div class=\"wpb_wrapper\">\n\t\t\t<p>La Organizaci\u00f3n Mundial de la Salud destaca la importancia de la planificaci\u00f3n urbana en la promoci\u00f3n de la salud y el bienestar de las ciudades y las comunidades. El urbanismo desempe\u00f1a un papel capital en la prevenci\u00f3n de enfermedades en el siglo XXI, ya que las pol\u00edticas urbanas determinan el aire que respiramos, la calidad de los espacios que utilizamos, el agua que bebemos, la forma de desplazarnos y el acceso a los alimentos y a la atenci\u00f3n sanitaria. Las decisiones relativas a la planificaci\u00f3n pueden generar riesgos para la salud de la poblaci\u00f3n o agravar los existentes, o pueden promover entornos y estilos de vida m\u00e1s sanos y propiciar ciudades saludables y resilientes.<\/p>\n<p>&nbsp;<\/p>\n<p>El Ayuntamiento de Castell\u00f3n considera la salud como un elemento indispensable para asegurar un desarrollo urbano sostenible, integrado y cohesionado. En esta l\u00ednea, ha llevado a cabo varias iniciativas para fomentar la salud urbana y aumentar la resiliencia de la ciudad frente al cambio clim\u00e1tico.<\/p>\n<p>&nbsp;<\/p>\n<p>&nbsp;<\/p>\n<h2><span style=\"color: #008000;\">1. Estudio espacios de oportunidad para la salud y la adaptaci\u00f3n al cambio clim\u00e1tico<\/span><\/h2>\n<p><img loading=\"lazy\" class=\"alignleft wp-image-2626\" src=\"https:\/\/agendaurbanacastello.es\/wp-content\/uploads\/2025\/03\/Portada-salud-urbana-Castellon-208x300.png\" alt=\"\" width=\"240\" height=\"346\" srcset=\"https:\/\/agendaurbanacastello.es\/wp-content\/uploads\/2025\/03\/Portada-salud-urbana-Castellon-208x300.png 208w, https:\/\/agendaurbanacastello.es\/wp-content\/uploads\/2025\/03\/Portada-salud-urbana-Castellon-8x12.png 8w, https:\/\/agendaurbanacastello.es\/wp-content\/uploads\/2025\/03\/Portada-salud-urbana-Castellon.png 587w\" sizes=\"(max-width: 240px) 100vw, 240px\" \/>Llevar a cabo un planeamiento urban\u00edstico saludable que priorice a las personas y su calidad de vida es un eje central para mejorar la salud de los habitantes y combatir la epidemia de una elevada prevalencia de enfermedades cr\u00f3nicas. Incluso en las ciudades ya dise\u00f1adas, es posible introducir o modificar elementos urbanos con el objetivo de mejorar la salud ciudadana.<\/p>\n<p>&nbsp;<\/p>\n<p>Partiendo de esta premisa, en 2024 Castell\u00f3n llev\u00f3 a cabo un estudio que a\u00fana la interacci\u00f3n entre el entorno urbano, la salud y la adaptaci\u00f3n al cambio clim\u00e1tico. Un trabajo que sirvi\u00f3 por una parte, para identificar espacios de oportunidad en la ciudad de Castell\u00f3n. Por la otra, para aportar soluciones y\/o criterios para transformar estos espacios de oportunidad en lugares m\u00e1s verdes, saludables y adaptados al cambio clim\u00e1tico.<\/p>\n<p>&nbsp;<\/p>\n<p>Se trata de un documento vinculado al plan de acci\u00f3n de la Agenda Urbana de Castell\u00f3n, que aporta una visi\u00f3n de futuro de ciudad. Un trabajo de gran valor t\u00e9cnico y pol\u00edtico que, a trav\u00e9s de ejemplos visuales, permite imaginar el Castell\u00f3n del futuro bajo criterios de salud urbana y desarrollo urbano sostenible integrado en pro del bienestar de la ciudadan\u00eda.<\/p>\n<h2><\/h2>\n<p>&nbsp;<\/p>\n<h2><span style=\"color: #008000;\">2. Plan de Acci\u00f3n para el Clima y la Energ\u00eda Sostenible (PACES 2022-2030)<\/span><\/h2>\n<p><img loading=\"lazy\" class=\"wp-image-2628 alignleft\" src=\"https:\/\/agendaurbanacastello.es\/wp-content\/uploads\/2025\/03\/Portada-PACES-Castellon-209x300.png\" alt=\"\" width=\"230\" height=\"330\" srcset=\"https:\/\/agendaurbanacastello.es\/wp-content\/uploads\/2025\/03\/Portada-PACES-Castellon-209x300.png 209w, https:\/\/agendaurbanacastello.es\/wp-content\/uploads\/2025\/03\/Portada-PACES-Castellon-8x12.png 8w, https:\/\/agendaurbanacastello.es\/wp-content\/uploads\/2025\/03\/Portada-PACES-Castellon.png 542w\" sizes=\"(max-width: 230px) 100vw, 230px\" \/>El Plan de Acci\u00f3n para el Clima y la Energ\u00eda Sostenible (PACES) del Ayuntamiento de Castell\u00f3n aprobado en marzo de 2023, plasma la situaci\u00f3n actual y futura de la ciudad ante el Cambio Clim\u00e1tico y marca la hoja de ruta para alcanzar los objetivos de reducci\u00f3n de emisiones de CO2 fijados por la Uni\u00f3n Europea, as\u00ed como los de adaptaci\u00f3n. Asimismo, constituye el marco de referencia para la coordinaci\u00f3n entre las Administraciones P\u00fablicas en las actividades de evaluaci\u00f3n de impactos, vulnerabilidad, y adaptaci\u00f3n al Cambio Clim\u00e1tico.<\/p>\n<p>&nbsp;<\/p>\n<p>Una hoja de ruta en el marco del Pacto de Alcaldes de la Uni\u00f3n Europea, que contiene una serie de actuaciones con el objetivo de reducir un 55 % las emisiones de C02 en 2030. El documento contempla 54 iniciativas en eficiencia energ\u00e9tica, movilidad, transporte, o proyectos de renaturalizaci\u00f3n en diferentes \u00e1mbitos de la ciudad, con una inversi\u00f3n estimada de 84 millones de euros hasta 2030.<\/p>\n<p>&nbsp;<\/p>\n\n\t\t<\/div>\n\t<\/div>\n<\/div><\/div><\/div><\/div>","protected":false},"excerpt":{"rendered":"La Organizaci\u00f3n Mundial de la Salud destaca la importancia de la planificaci\u00f3n urbana en la promoci\u00f3n de la salud y el bienestar de las ciudades y las comunidades. El urbanismo [...]","protected":false},"author":4,"featured_media":0,"parent":2403,"menu_order":0,"comment_status":"closed","ping_status":"closed","template":"","meta":{"_monsterinsights_skip_tracking":false,"_monsterinsights_sitenote_active":false,"_monsterinsights_sitenote_note":"","_monsterinsights_sitenote_category":0},"acf":[],"_links":{"self":[{"href":"https:\/\/agendaurbanacastello.es\/va\/wp-json\/wp\/v2\/pages\/2489"}],"collection":[{"href":"https:\/\/agendaurbanacastello.es\/va\/wp-json\/wp\/v2\/pages"}],"about":[{"href":"https:\/\/agendaurbanacastello.es\/va\/wp-json\/wp\/v2\/types\/page"}],"author":[{"embeddable":true,"href":"https:\/\/agendaurbanacastello.es\/va\/wp-json\/wp\/v2\/users\/4"}],"replies":[{"embeddable":true,"href":"https:\/\/agendaurbanacastello.es\/va\/wp-json\/wp\/v2\/comments?post=2489"}],"version-history":[{"count":9,"href":"https:\/\/agendaurbanacastello.es\/va\/wp-json\/wp\/v2\/pages\/2489\/revisions"}],"predecessor-version":[{"id":2632,"href":"https:\/\/agendaurbanacastello.es\/va\/wp-json\/wp\/v2\/pages\/2489\/revisions\/2632"}],"up":[{"embeddable":true,"href":"https:\/\/agendaurbanacastello.es\/va\/wp-json\/wp\/v2\/pages\/2403"}],"wp:attachment":[{"href":"https:\/\/agendaurbanacastello.es\/va\/wp-json\/wp\/v2\/media?parent=2489"}],"curies":[{"name":"wp","href":"https:\/\/api.w.org\/{rel}","templated":true}]}}

Salud Urbana y Adaptación al Cambio Climático

<div class="vc_row wpb_row vc_row-fluid"><div class="wpb_column vc_column_container vc_col-sm-12"><div class="vc_column-inner"><div class="wpb_wrapper">
	<div class="wpb_text_column wpb_content_element" >
		<div class="wpb_wrapper">
			<p>La Organización Mundial de la Salud destaca la importancia de la planificación urbana en la promoción de la salud y el bienestar de las ciudades y las comunidades. El urbanismo desempeña un papel capital en la prevención de enfermedades en el siglo XXI, ya que las políticas urbanas determinan el aire que respiramos, la calidad de los espacios que utilizamos, el agua que bebemos, la forma de desplazarnos y el acceso a los alimentos y a la atención sanitaria. Las decisiones relativas a la planificación pueden generar riesgos para la salud de la población o agravar los existentes, o pueden promover entornos y estilos de vida más sanos y propiciar ciudades saludables y resilientes.</p>
<p>&nbsp;</p>
<p>El Ayuntamiento de Castellón considera la salud como un elemento indispensable para asegurar un desarrollo urbano sostenible, integrado y cohesionado. En esta línea, ha llevado a cabo varias iniciativas para fomentar la salud urbana y aumentar la resiliencia de la ciudad frente al cambio climático.</p>
<p>&nbsp;</p>
<p>&nbsp;</p>
<h2><span style="color: #008000;">1. Estudio espacios de oportunidad para la salud y la adaptación al cambio climático</span></h2>
<p><img loading="lazy" class="alignleft wp-image-2626" src="https://agendaurbanacastello.es/wp-content/uploads/2025/03/Portada-salud-urbana-Castellon-208x300.png" alt="" width="240" height="346" srcset="https://agendaurbanacastello.es/wp-content/uploads/2025/03/Portada-salud-urbana-Castellon-208x300.png 208w, https://agendaurbanacastello.es/wp-content/uploads/2025/03/Portada-salud-urbana-Castellon-8x12.png 8w, https://agendaurbanacastello.es/wp-content/uploads/2025/03/Portada-salud-urbana-Castellon.png 587w" sizes="(max-width: 240px) 100vw, 240px" />Llevar a cabo un planeamiento urbanístico saludable que priorice a las personas y su calidad de vida es un eje central para mejorar la salud de los habitantes y combatir la epidemia de una elevada prevalencia de enfermedades crónicas. Incluso en las ciudades ya diseñadas, es posible introducir o modificar elementos urbanos con el objetivo de mejorar la salud ciudadana.</p>
<p>&nbsp;</p>
<p>Partiendo de esta premisa, en 2024 Castellón llevó a cabo un estudio que aúna la interacción entre el entorno urbano, la salud y la adaptación al cambio climático. Un trabajo que sirvió por una parte, para identificar espacios de oportunidad en la ciudad de Castellón. Por la otra, para aportar soluciones y/o criterios para transformar estos espacios de oportunidad en lugares más verdes, saludables y adaptados al cambio climático.</p>
<p>&nbsp;</p>
<p>Se trata de un documento vinculado al plan de acción de la Agenda Urbana de Castellón, que aporta una visión de futuro de ciudad. Un trabajo de gran valor técnico y político que, a través de ejemplos visuales, permite imaginar el Castellón del futuro bajo criterios de salud urbana y desarrollo urbano sostenible integrado en pro del bienestar de la ciudadanía.</p>
<h2></h2>
<p>&nbsp;</p>
<h2><span style="color: #008000;">2. Plan de Acción para el Clima y la Energía Sostenible (PACES 2022-2030)</span></h2>
<p><img loading="lazy" class="wp-image-2628 alignleft" src="https://agendaurbanacastello.es/wp-content/uploads/2025/03/Portada-PACES-Castellon-209x300.png" alt="" width="230" height="330" srcset="https://agendaurbanacastello.es/wp-content/uploads/2025/03/Portada-PACES-Castellon-209x300.png 209w, https://agendaurbanacastello.es/wp-content/uploads/2025/03/Portada-PACES-Castellon-8x12.png 8w, https://agendaurbanacastello.es/wp-content/uploads/2025/03/Portada-PACES-Castellon.png 542w" sizes="(max-width: 230px) 100vw, 230px" />El Plan de Acción para el Clima y la Energía Sostenible (PACES) del Ayuntamiento de Castellón aprobado en marzo de 2023, plasma la situación actual y futura de la ciudad ante el Cambio Climático y marca la hoja de ruta para alcanzar los objetivos de reducción de emisiones de CO2 fijados por la Unión Europea, así como los de adaptación. Asimismo, constituye el marco de referencia para la coordinación entre las Administraciones Públicas en las actividades de evaluación de impactos, vulnerabilidad, y adaptación al Cambio Climático.</p>
<p>&nbsp;</p>
<p>Una hoja de ruta en el marco del Pacto de Alcaldes de la Unión Europea, que contiene una serie de actuaciones con el objetivo de reducir un 55 % las emisiones de C02 en 2030. El documento contempla 54 iniciativas en eficiencia energética, movilidad, transporte, o proyectos de renaturalización en diferentes ámbitos de la ciudad, con una inversión estimada de 84 millones de euros hasta 2030.</p>
<p>&nbsp;</p>

		</div>
	</div>
</div></div></div></div>

La Organización Mundial de la Salud destaca la importancia de la planificación urbana en la promoción de la salud y el bienestar de las ciudades y las comunidades. El urbanismo [...]
