{"id":328,"date":"2021-02-02T16:15:33","date_gmt":"2021-02-02T16:15:33","guid":{"rendered":"http:\/\/agendaurbanacastello.enreda.coop\/?page_id=328"},"modified":"2023-09-20T12:10:06","modified_gmt":"2023-09-20T12:10:06","slug":"saluda-begona-carrasco","status":"publish","type":"page","link":"https:\/\/agendaurbanacastello.es\/va\/saluda-begona-carrasco\/","title":{"rendered":"SALUDA BEGO\u00d1A CARRASCO, ALCALDESSA DE CASTELL\u00d3"},"content":{"rendered":"<h2>Urbana (ment)<\/h2>\n\n\n\n<p><span class=\"has-inline-color has-black-color\">Segons l'Organitzaci\u00f3 de la Nacions Unides (ONU), m\u00e9s de la meitat de la poblaci\u00f3 del planeta\nviu en ciutats i per a l'any 2050 aquesta xifra pot fins i tot aconseguir els dos ter\u00e7os del\nmapamundi. Un repte maj\u00fascul que fa necessari analitzar el paper dels centres urbans i donar\nrespostes a les demandes dels nous ciutadans. S\u00f3n q\u00fcestions que van molt m\u00e9s all\u00e0 de l'\u00e0mbit arquitect\u00f2nic: Quin model de ciutats dissenyarem i baix quins par\u00e0metres mediambientals o energ\u00e8tics? Quins recursos urbans i humans llegarem a les pr\u00f2ximes generacions? Sempre he\npensat que les respostes a aquestes q\u00fcestions haurien de ser igual d'ambicioses que les preguntes, i per aix\u00f2, puc assegurar-vos que estarem a l'altura.<\/span><\/p>\n\n\n\n<div style=\"height:40px\" aria-hidden=\"true\" class=\"wp-block-spacer\"><\/div>\n\n\n\n<p><span class=\"has-inline-color has-black-color\"><a href=\"https:\/\/edusitransformacs.castello.es\/\" target=\"_blank\" rel=\"noreferrer noopener\" title=\"Castell\u00f3 \u00e9s una ciutat EDUSI \">Castell\u00f3 \u00e9s una ciutat EDUSI <\/a>(Estrat\u00e8gia de Desenvolupament Urb\u00e0, Sostenible i Integrat), compromesa amb la millora de les condicions socials, econ\u00f2miques i ambientals d'una \u00e0rea\nurbana. Amb l'arribada al govern municipal al juny de 2023, afrontem un proc\u00e9s d'actualitzaci\u00f3 de l'Agenda Urbana on estem definint els objectius que ens marquem com a ciutat. Solament a trav\u00e9s d'un enfocament integrat dels reptes als quals ens enfrontem podrem establir les bases d'una societat m\u00e9s justa, inclusiva i unida. I no solament aix\u00f2. Aquesta \u00e9s la punta de l'iceberg d'una llarga llista que inclou estalviar costos als ciutadans, optimitzar els serveis p\u00fablics o millorar la transpar\u00e8ncia en la gesti\u00f3 de les administracions. Per aix\u00f2 la Uni\u00f3 Europea, a trav\u00e9s dels Fons Estructurals i d'Inversi\u00f3 Europeus, s'ha convertit en una pe\u00e7a clau d'aquesta estrat\u00e8gia.<\/span> <\/p>\n\n\n\n<div style=\"height:40px\" aria-hidden=\"true\" class=\"wp-block-spacer\"><\/div>\n\n\n\n<p><span class=\"has-inline-color has-black-color\">No es pot detindre l'avan\u00e7 imparable de la conscienciaci\u00f3 en mat\u00e8ria econ\u00f2mica, energ\u00e8tica i mediambiental. Els ciutadans s\u00f3n part\u00edcips de l'agenda pol\u00edtica, ja no s\u00f3n subjectes passius, sin\u00f3 vertaders arquitectes de la ciutat en la qual volen viure. A trav\u00e9s de l'elaboraci\u00f3 de pressupostos participatius, ordenant el territori, fent un \u00fas racional del s\u00f2l per a revitalitzar els barris ja existents. Comptem amb ells com a protagonistes de la transformaci\u00f3 de la ciutat, per un Castell\u00f3 amb m\u00e9s oportunitats, per un Castell\u00f3 amb m\u00e9s futur per a tots.<\/span> <\/p>\n\n\n\n<div style=\"height:40px\" aria-hidden=\"true\" class=\"wp-block-spacer\"><\/div>\n\n\n\n<p><span class=\"has-inline-color has-black-color\">Estem compromesos i afrontem amb optimisme els nous reptes de futur per a una\ntransformaci\u00f3 de la ciutat que millore la qualitat de vida dels seus ciutadans, que siga m\u00e9s inclusiva i sostenible.<em>. <\/em>Tamb\u00e9 m\u00e9s segura, m\u00e9s competitiva i innovadora. Sense transformaci\u00f3 no hi ha progr\u00e9s i sense progr\u00e9s, no hi ha futur. Benvinguts al canvi!<\/span><\/p>\n\n\n\n<p><\/p>\n\n\n\n<div style=\"height:30px\" aria-hidden=\"true\" class=\"wp-block-spacer\"><\/div>\n\n\n\n<p><\/p>\n\n\n\n<figure class=\"wp-block-image alignfull size-large\"><img loading=\"lazy\" width=\"1024\" height=\"332\" src=\"http:\/\/agendaurbana.castello.es\/wp-content\/uploads\/2023\/08\/banneralcaldesa-val-2.jpg\" alt=\"\" class=\"wp-image-1674\" srcset=\"\" sizes=\"(max-width: 1024px) 100vw, 1024px\" data-srcset=\"\" \/><\/figure>","protected":false},"excerpt":{"rendered":"<p>Urbana (mente) Seg\u00fan la Organizaci\u00f3n de la Naciones Unidas (ONU), m\u00e1s de la mitad de la poblaci\u00f3n del planeta vive en ciudades y para el a\u00f1o 2050 esa cifra puede&#8230;<\/p>","protected":false},"author":1,"featured_media":23,"parent":0,"menu_order":0,"comment_status":"closed","ping_status":"closed","template":"","meta":{"_monsterinsights_skip_tracking":false,"_monsterinsights_sitenote_active":false,"_monsterinsights_sitenote_note":"","_monsterinsights_sitenote_category":0},"acf":[],"_links":{"self":[{"href":"https:\/\/agendaurbanacastello.es\/va\/wp-json\/wp\/v2\/pages\/328"}],"collection":[{"href":"https:\/\/agendaurbanacastello.es\/va\/wp-json\/wp\/v2\/pages"}],"about":[{"href":"https:\/\/agendaurbanacastello.es\/va\/wp-json\/wp\/v2\/types\/page"}],"author":[{"embeddable":true,"href":"https:\/\/agendaurbanacastello.es\/va\/wp-json\/wp\/v2\/users\/1"}],"replies":[{"embeddable":true,"href":"https:\/\/agendaurbanacastello.es\/va\/wp-json\/wp\/v2\/comments?post=328"}],"version-history":[{"count":21,"href":"https:\/\/agendaurbanacastello.es\/va\/wp-json\/wp\/v2\/pages\/328\/revisions"}],"predecessor-version":[{"id":1689,"href":"https:\/\/agendaurbanacastello.es\/va\/wp-json\/wp\/v2\/pages\/328\/revisions\/1689"}],"wp:featuredmedia":[{"embeddable":true,"href":"https:\/\/agendaurbanacastello.es\/va\/wp-json\/wp\/v2\/media\/23"}],"wp:attachment":[{"href":"https:\/\/agendaurbanacastello.es\/va\/wp-json\/wp\/v2\/media?parent=328"}],"curies":[{"name":"wp","href":"https:\/\/api.w.org\/{rel}","templated":true}]}}

SALUDA BEGOÑA CARRASCO, ALCALDESSA DE CASTELLÓ

<h2>Urbana (ment)</h2>



<p><span class="has-inline-color has-black-color">Segons l'Organització de la Nacions Unides (ONU), més de la meitat de la població del planeta
viu en ciutats i per a l'any 2050 aquesta xifra pot fins i tot aconseguir els dos terços del
mapamundi. Un repte majúscul que fa necessari analitzar el paper dels centres urbans i donar
respostes a les demandes dels nous ciutadans. Són qüestions que van molt més allà de l'àmbit arquitectònic: Quin model de ciutats dissenyarem i baix quins paràmetres mediambientals o energètics? Quins recursos urbans i humans llegarem a les pròximes generacions? Sempre he
pensat que les respostes a aquestes qüestions haurien de ser igual d'ambicioses que les preguntes, i per això, puc assegurar-vos que estarem a l'altura.</span></p>



<div style="height:40px" aria-hidden="true" class="wp-block-spacer"></div>



<p><span class="has-inline-color has-black-color"><a href="https://edusitransformacs.castello.es/" target="_blank" rel="noreferrer noopener" title="Castelló és una ciutat EDUSI ">Castelló és una ciutat EDUSI </a>(Estratègia de Desenvolupament Urbà, Sostenible i Integrat), compromesa amb la millora de les condicions socials, econòmiques i ambientals d'una àrea
urbana. Amb l'arribada al govern municipal al juny de 2023, afrontem un procés d'actualització de l'Agenda Urbana on estem definint els objectius que ens marquem com a ciutat. Solament a través d'un enfocament integrat dels reptes als quals ens enfrontem podrem establir les bases d'una societat més justa, inclusiva i unida. I no solament això. Aquesta és la punta de l'iceberg d'una llarga llista que inclou estalviar costos als ciutadans, optimitzar els serveis públics o millorar la transparència en la gestió de les administracions. Per això la Unió Europea, a través dels Fons Estructurals i d'Inversió Europeus, s'ha convertit en una peça clau d'aquesta estratègia.</span> </p>



<div style="height:40px" aria-hidden="true" class="wp-block-spacer"></div>



<p><span class="has-inline-color has-black-color">No es pot detindre l'avanç imparable de la conscienciació en matèria econòmica, energètica i mediambiental. Els ciutadans són partícips de l'agenda política, ja no són subjectes passius, sinó vertaders arquitectes de la ciutat en la qual volen viure. A través de l'elaboració de pressupostos participatius, ordenant el territori, fent un ús racional del sòl per a revitalitzar els barris ja existents. Comptem amb ells com a protagonistes de la transformació de la ciutat, per un Castelló amb més oportunitats, per un Castelló amb més futur per a tots.</span> </p>



<div style="height:40px" aria-hidden="true" class="wp-block-spacer"></div>



<p><span class="has-inline-color has-black-color">Estem compromesos i afrontem amb optimisme els nous reptes de futur per a una
transformació de la ciutat que millore la qualitat de vida dels seus ciutadans, que siga més inclusiva i sostenible.<em>. </em>També més segura, més competitiva i innovadora. Sense transformació no hi ha progrés i sense progrés, no hi ha futur. Benvinguts al canvi!</span></p>



<p></p>



<div style="height:30px" aria-hidden="true" class="wp-block-spacer"></div>



<p></p>



<figure class="wp-block-image alignfull size-large"><img loading="lazy" width="1024" height="332" src="http://agendaurbana.castello.es/wp-content/uploads/2023/08/banneralcaldesa-val-2.jpg" alt="" class="wp-image-1674" srcset="" sizes="(max-width: 1024px) 100vw, 1024px" data-srcset="" /></figure>

<p>Urbana (mente) Según la Organización de la Naciones Unidas (ONU), más de la mitad de la población del planeta vive en ciudades y para el año 2050 esa cifra puede&#8230;</p>
