{"id":169,"date":"2020-11-25T19:18:06","date_gmt":"2020-11-25T19:18:06","guid":{"rendered":"http:\/\/agendaurbanacastello.enreda.coop\/?post_type=tribe_events&#038;p=169"},"modified":"2020-11-25T19:18:06","modified_gmt":"2020-11-25T19:18:06","slug":"sesion-de-diagnostico-preliminar-con-el-gt1-modelo-de-ciudad-y-ordenacion-del-territorio","status":"publish","type":"tribe_events","link":"https:\/\/agendaurbanacastello.es\/va\/calendario\/sesion-de-diagnostico-preliminar-con-el-gt1-modelo-de-ciudad-y-ordenacion-del-territorio\/","title":{"rendered":"SESI\u00d3N DE DIAGN\u00d3STICO PRELIMINAR CON EL GT1 &#8211; MODELO DE CIUDAD Y ORDENACI\u00d3N DEL TERRITORIO"},"content":{"rendered":"<p>Mi\u00e9rcoles 18\/11: SESI\u00d3N DE DIAGN\u00d3STICO PRELIMINAR CON EL GT1 &#8211; MODELO DE CIUDAD Y ORDENACI\u00d3N DEL TERRITORIO<\/p>\n","protected":false},"excerpt":{"rendered":"<p>Mi\u00e9rcoles 18\/11: SESI\u00d3N DE DIAGN\u00d3STICO PRELIMINAR CON EL GT1 &#8211; MODELO DE CIUDAD Y ORDENACI\u00d3N DEL TERRITORIO<\/p>\n","protected":false},"author":1,"featured_media":0,"comment_status":"closed","ping_status":"closed","template":"","meta":{"_monsterinsights_skip_tracking":false,"_monsterinsights_sitenote_active":false,"_monsterinsights_sitenote_note":"","_monsterinsights_sitenote_category":0,"_tribe_events_status":"","_tribe_events_status_reason":""},"tags":[],"tribe_events_cat":[3],"acf":[],"_links":{"self":[{"href":"https:\/\/agendaurbanacastello.es\/va\/wp-json\/wp\/v2\/tribe_events\/169"}],"collection":[{"href":"https:\/\/agendaurbanacastello.es\/va\/wp-json\/wp\/v2\/tribe_events"}],"about":[{"href":"https:\/\/agendaurbanacastello.es\/va\/wp-json\/wp\/v2\/types\/tribe_events"}],"author":[{"embeddable":true,"href":"https:\/\/agendaurbanacastello.es\/va\/wp-json\/wp\/v2\/users\/1"}],"replies":[{"embeddable":true,"href":"https:\/\/agendaurbanacastello.es\/va\/wp-json\/wp\/v2\/comments?post=169"}],"version-history":[{"count":1,"href":"https:\/\/agendaurbanacastello.es\/va\/wp-json\/wp\/v2\/tribe_events\/169\/revisions"}],"predecessor-version":[{"id":170,"href":"https:\/\/agendaurbanacastello.es\/va\/wp-json\/wp\/v2\/tribe_events\/169\/revisions\/170"}],"wp:attachment":[{"href":"https:\/\/agendaurbanacastello.es\/va\/wp-json\/wp\/v2\/media?parent=169"}],"wp:term":[{"taxonomy":"post_tag","embeddable":true,"href":"https:\/\/agendaurbanacastello.es\/va\/wp-json\/wp\/v2\/tags?post=169"},{"taxonomy":"tribe_events_cat","embeddable":true,"href":"https:\/\/agendaurbanacastello.es\/va\/wp-json\/wp\/v2\/tribe_events_cat?post=169"}],"curies":[{"name":"wp","href":"https:\/\/api.w.org\/{rel}","templated":true}]}}

SESIÓN DE DIAGNÓSTICO PRELIMINAR CON EL GT1 &#8211; MODELO DE CIUDAD Y ORDENACIÓN DEL TERRITORIO

<p>Miércoles 18/11: SESIÓN DE DIAGNÓSTICO PRELIMINAR CON EL GT1 &#8211; MODELO DE CIUDAD Y ORDENACIÓN DEL TERRITORIO</p>
