{"id":423,"date":"2021-03-29T11:45:18","date_gmt":"2021-03-29T11:45:18","guid":{"rendered":"http:\/\/agendaurbanacastello.enreda.coop\/?post_type=tribe_events&#038;p=423"},"modified":"2021-03-29T11:45:18","modified_gmt":"2021-03-29T11:45:18","slug":"sesion-de-formulacion-estrategica-con-el-gt2-cambio-climatico-resiliencia-y-sostenibilidad","status":"publish","type":"tribe_events","link":"https:\/\/agendaurbanacastello.es\/va\/calendario\/sesion-de-formulacion-estrategica-con-el-gt2-cambio-climatico-resiliencia-y-sostenibilidad\/","title":{"rendered":"SESI\u00d3N DE FORMULACI\u00d3N ESTRAT\u00c9GICA CON EL GT2 \u2013 CAMBIO CLIM\u00c1TICO, RESILIENCIA Y SOSTENIBILIDAD"},"content":{"rendered":"","protected":false},"excerpt":{"rendered":"","protected":false},"author":1,"featured_media":0,"comment_status":"closed","ping_status":"closed","template":"","meta":{"_monsterinsights_skip_tracking":false,"_monsterinsights_sitenote_active":false,"_monsterinsights_sitenote_note":"","_monsterinsights_sitenote_category":0,"_tribe_events_status":"","_tribe_events_status_reason":""},"tags":[],"tribe_events_cat":[],"acf":[],"_links":{"self":[{"href":"https:\/\/agendaurbanacastello.es\/va\/wp-json\/wp\/v2\/tribe_events\/423"}],"collection":[{"href":"https:\/\/agendaurbanacastello.es\/va\/wp-json\/wp\/v2\/tribe_events"}],"about":[{"href":"https:\/\/agendaurbanacastello.es\/va\/wp-json\/wp\/v2\/types\/tribe_events"}],"author":[{"embeddable":true,"href":"https:\/\/agendaurbanacastello.es\/va\/wp-json\/wp\/v2\/users\/1"}],"replies":[{"embeddable":true,"href":"https:\/\/agendaurbanacastello.es\/va\/wp-json\/wp\/v2\/comments?post=423"}],"version-history":[{"count":1,"href":"https:\/\/agendaurbanacastello.es\/va\/wp-json\/wp\/v2\/tribe_events\/423\/revisions"}],"predecessor-version":[{"id":424,"href":"https:\/\/agendaurbanacastello.es\/va\/wp-json\/wp\/v2\/tribe_events\/423\/revisions\/424"}],"wp:attachment":[{"href":"https:\/\/agendaurbanacastello.es\/va\/wp-json\/wp\/v2\/media?parent=423"}],"wp:term":[{"taxonomy":"post_tag","embeddable":true,"href":"https:\/\/agendaurbanacastello.es\/va\/wp-json\/wp\/v2\/tags?post=423"},{"taxonomy":"tribe_events_cat","embeddable":true,"href":"https:\/\/agendaurbanacastello.es\/va\/wp-json\/wp\/v2\/tribe_events_cat?post=423"}],"curies":[{"name":"wp","href":"https:\/\/api.w.org\/{rel}","templated":true}]}}

SESIÓN DE FORMULACIÓN ESTRATÉGICA CON EL GT2 – CAMBIO CLIMÁTICO, RESILIENCIA Y SOSTENIBILIDAD
